{"id":871,"date":"2024-04-03T09:17:48","date_gmt":"2024-04-03T07:17:48","guid":{"rendered":"https:\/\/lafranchetouche.com\/?page_id=871"},"modified":"2025-06-25T14:13:00","modified_gmt":"2025-06-25T12:13:00","slug":"fin-des-inscriptions","status":"publish","type":"page","link":"https:\/\/lafranchetouche.com\/index.php\/fin-des-inscriptions\/","title":{"rendered":"Fin des inscriptions"},"content":{"rendered":"<p>[et_pb_section fb_built=\u00a0\u00bb1&Prime; _builder_version=\u00a0\u00bb4.22.2&Prime; _module_preset=\u00a0\u00bbdefault\u00a0\u00bb background_color=\u00a0\u00bb#111111&Prime; da_disable_devices=\u00a0\u00bboff|off|off\u00a0\u00bb global_colors_info=\u00a0\u00bb{}\u00a0\u00bb da_is_popup=\u00a0\u00bboff\u00a0\u00bb da_exit_intent=\u00a0\u00bboff\u00a0\u00bb da_has_close=\u00a0\u00bbon\u00a0\u00bb da_alt_close=\u00a0\u00bboff\u00a0\u00bb da_dark_close=\u00a0\u00bboff\u00a0\u00bb da_not_modal=\u00a0\u00bbon\u00a0\u00bb da_is_singular=\u00a0\u00bboff\u00a0\u00bb da_with_loader=\u00a0\u00bboff\u00a0\u00bb da_has_shadow=\u00a0\u00bbon\u00a0\u00bb][et_pb_row _builder_version=\u00a0\u00bb4.22.2&Prime; _module_preset=\u00a0\u00bbdefault\u00a0\u00bb custom_margin=\u00a0\u00bb-2px|auto|270px|auto||\u00a0\u00bb global_colors_info=\u00a0\u00bb{}\u00a0\u00bb][et_pb_column type=\u00a0\u00bb4_4&Prime; _builder_version=\u00a0\u00bb4.22.2&Prime; _module_preset=\u00a0\u00bbdefault\u00a0\u00bb global_colors_info=\u00a0\u00bb{}\u00a0\u00bb][et_pb_image src=\u00a0\u00bbhttps:\/\/lafranchetouche.com\/wp-content\/uploads\/2024\/03\/Logo_Poulet_VF_V2-01.png\u00a0\u00bb title_text=\u00a0\u00bbLogo_Poulet_VF_V2-01&Prime; url=\u00a0\u00bb@ET-DC@eyJkeW5hbWljIjp0cnVlLCJjb250ZW50IjoicG9zdF9saW5rX3VybF9wYWdlIiwic2V0dGluZ3MiOnsicG9zdF9pZCI6IjM1In19@\u00a0\u00bb _builder_version=\u00a0\u00bb4.22.2&Prime; _dynamic_attributes=\u00a0\u00bburl\u00a0\u00bb _module_preset=\u00a0\u00bbdefault\u00a0\u00bb width=\u00a0\u00bb30%\u00a0\u00bb module_alignment=\u00a0\u00bbcenter\u00a0\u00bb global_colors_info=\u00a0\u00bb{}\u00a0\u00bb][\/et_pb_image][et_pb_text _builder_version=\u00a0\u00bb4.22.2&Prime; _module_preset=\u00a0\u00bbdefault\u00a0\u00bb text_font=\u00a0\u00bbGotham Bold||||||||\u00a0\u00bb text_text_color=\u00a0\u00bb#FFFFFF\u00a0\u00bb text_font_size=\u00a0\u00bb17px\u00a0\u00bb global_colors_info=\u00a0\u00bb{}\u00a0\u00bb]<\/p>\n<p style=\"text-align: center;\"><strong>Fin des inscriptions&#8230;<\/strong><\/p>\n<p style=\"text-align: center;\"><strong><\/strong><\/p>\n<p style=\"text-align: center;\"><strong><\/strong><\/p>\n<p style=\"text-align: center;\">Merci ! Vous avez \u00e9t\u00e9 nombreux et nombreuses \u00e0 vous inscrire pour l&rsquo;\u00e9dition 2025.<br \/>Si nombreux que nous avons d\u00fb clore les ventes de places d&rsquo;\u00e9quipages pour cette ann\u00e9e.<\/p>\n<p style=\"text-align: center;\">\n<p style=\"text-align: center;\">\n<p style=\"text-align: center;\">En cas de demande particuli\u00e8re, n&rsquo;h\u00e9sitez pas \u00e0 nous contacter sur<br \/>Hello@lafranchetouche.com.<\/p>\n<p>[\/et_pb_text][et_pb_button button_url=\u00a0\u00bb@ET-DC@eyJkeW5hbWljIjp0cnVlLCJjb250ZW50IjoicG9zdF9saW5rX3VybF9wYWdlIiwic2V0dGluZ3MiOnsicG9zdF9pZCI6IjYzIn19@\u00a0\u00bb button_text=\u00a0\u00bbRallye\u00a0\u00bb button_alignment=\u00a0\u00bbcenter\u00a0\u00bb _builder_version=\u00a0\u00bb4.22.2&Prime; _dynamic_attributes=\u00a0\u00bbbutton_url\u00a0\u00bb _module_preset=\u00a0\u00bbdefault\u00a0\u00bb custom_button=\u00a0\u00bbon\u00a0\u00bb button_text_color=\u00a0\u00bb#000000&Prime; button_bg_color=\u00a0\u00bb#f7e600&Prime; button_border_width=\u00a0\u00bb0px\u00a0\u00bb button_border_radius=\u00a0\u00bb100px\u00a0\u00bb button_font=\u00a0\u00bbGotham Bold||||||||\u00a0\u00bb background_layout=\u00a0\u00bbdark\u00a0\u00bb button_bg_color_last_edited=\u00a0\u00bboff|desktop\u00a0\u00bb global_colors_info=\u00a0\u00bb{}\u00a0\u00bb button_text_color__hover_enabled=\u00a0\u00bbon|hover\u00a0\u00bb button_bg_color__hover_enabled=\u00a0\u00bbon|hover\u00a0\u00bb button_bg_color__hover=\u00a0\u00bbRGBA(255,255,255,0)\u00a0\u00bb button_bg_enable_color__hover=\u00a0\u00bbon\u00a0\u00bb button_text_color__hover=\u00a0\u00bb#FFFFFF\u00a0\u00bb][\/et_pb_button][\/et_pb_column][\/et_pb_row][\/et_pb_section]<\/p>\n","protected":false},"excerpt":{"rendered":"<p>Fin des inscriptions&#8230; Merci ! Vous avez \u00e9t\u00e9 nombreux et nombreuses \u00e0 vous inscrire pour l&rsquo;\u00e9dition 2025.Si nombreux que nous avons d\u00fb clore les ventes de places d&rsquo;\u00e9quipages pour cette ann\u00e9e. En cas de demande particuli\u00e8re, n&rsquo;h\u00e9sitez pas \u00e0 nous contacter surHello@lafranchetouche.com.<\/p>\n","protected":false},"author":1,"featured_media":0,"parent":0,"menu_order":0,"comment_status":"closed","ping_status":"closed","template":"","meta":{"_et_pb_use_builder":"on","_et_pb_old_content":"","_et_gb_content_width":"","footnotes":""},"class_list":["post-871","page","type-page","status-publish","hentry"],"yoast_head":"<!-- This site is optimized with the Yoast SEO plugin v25.9 - https:\/\/yoast.com\/wordpress\/plugins\/seo\/ -->\n<title>Fin des inscriptions - La Franche Touche<\/title>\n<meta name=\"robots\" content=\"index, follow, max-snippet:-1, max-image-preview:large, max-video-preview:-1\" \/>\n<link rel=\"canonical\" href=\"https:\/\/lafranchetouche.com\/index.php\/fin-des-inscriptions\/\" \/>\n<meta property=\"og:locale\" content=\"fr_FR\" \/>\n<meta property=\"og:type\" content=\"article\" \/>\n<meta property=\"og:title\" content=\"Fin des inscriptions - La Franche Touche\" \/>\n<meta property=\"og:description\" content=\"Fin des inscriptions... Merci ! Vous avez \u00e9t\u00e9 nombreux et nombreuses \u00e0 vous inscrire pour l&#039;\u00e9dition 2025.Si nombreux que nous avons d\u00fb clore les ventes de places d&#039;\u00e9quipages pour cette ann\u00e9e. En cas de demande particuli\u00e8re, n&#039;h\u00e9sitez pas \u00e0 nous contacter surHello@lafranchetouche.com.\" \/>\n<meta property=\"og:url\" content=\"https:\/\/lafranchetouche.com\/index.php\/fin-des-inscriptions\/\" \/>\n<meta property=\"og:site_name\" content=\"La Franche Touche\" \/>\n<meta property=\"article:publisher\" content=\"https:\/\/www.facebook.com\/rallyedelafranchetouche\" \/>\n<meta property=\"article:modified_time\" content=\"2025-06-25T12:13:00+00:00\" \/>\n<meta name=\"twitter:card\" content=\"summary_large_image\" \/>\n<meta name=\"twitter:label1\" content=\"Dur\u00e9e de lecture estim\u00e9e\" \/>\n\t<meta name=\"twitter:data1\" content=\"2 minutes\" \/>\n<script type=\"application\/ld+json\" class=\"yoast-schema-graph\">{\"@context\":\"https:\/\/schema.org\",\"@graph\":[{\"@type\":\"WebPage\",\"@id\":\"https:\/\/lafranchetouche.com\/index.php\/fin-des-inscriptions\/\",\"url\":\"https:\/\/lafranchetouche.com\/index.php\/fin-des-inscriptions\/\",\"name\":\"Fin des inscriptions - La Franche Touche\",\"isPartOf\":{\"@id\":\"https:\/\/lafranchetouche.com\/#website\"},\"datePublished\":\"2024-04-03T07:17:48+00:00\",\"dateModified\":\"2025-06-25T12:13:00+00:00\",\"breadcrumb\":{\"@id\":\"https:\/\/lafranchetouche.com\/index.php\/fin-des-inscriptions\/#breadcrumb\"},\"inLanguage\":\"fr-FR\",\"potentialAction\":[{\"@type\":\"ReadAction\",\"target\":[\"https:\/\/lafranchetouche.com\/index.php\/fin-des-inscriptions\/\"]}]},{\"@type\":\"BreadcrumbList\",\"@id\":\"https:\/\/lafranchetouche.com\/index.php\/fin-des-inscriptions\/#breadcrumb\",\"itemListElement\":[{\"@type\":\"ListItem\",\"position\":1,\"name\":\"Accueil\",\"item\":\"https:\/\/lafranchetouche.com\/\"},{\"@type\":\"ListItem\",\"position\":2,\"name\":\"Fin des inscriptions\"}]},{\"@type\":\"WebSite\",\"@id\":\"https:\/\/lafranchetouche.com\/#website\",\"url\":\"https:\/\/lafranchetouche.com\/\",\"name\":\"La Franche Touche\",\"description\":\"Suivez les aventures de La Franche Touche ! Un festival rassemblant un grand nombre de v\u00e9hicules atypiques et un rallye touristique sillonnant la bourgogne.\",\"publisher\":{\"@id\":\"https:\/\/lafranchetouche.com\/#organization\"},\"potentialAction\":[{\"@type\":\"SearchAction\",\"target\":{\"@type\":\"EntryPoint\",\"urlTemplate\":\"https:\/\/lafranchetouche.com\/?s={search_term_string}\"},\"query-input\":{\"@type\":\"PropertyValueSpecification\",\"valueRequired\":true,\"valueName\":\"search_term_string\"}}],\"inLanguage\":\"fr-FR\"},{\"@type\":\"Organization\",\"@id\":\"https:\/\/lafranchetouche.com\/#organization\",\"name\":\"La Franche Touche\",\"url\":\"https:\/\/lafranchetouche.com\/\",\"logo\":{\"@type\":\"ImageObject\",\"inLanguage\":\"fr-FR\",\"@id\":\"https:\/\/lafranchetouche.com\/#\/schema\/logo\/image\/\",\"url\":\"https:\/\/lafranchetouche.com\/wp-content\/uploads\/2024\/03\/Logo_Poulet_VF_V2-01.jpg\",\"contentUrl\":\"https:\/\/lafranchetouche.com\/wp-content\/uploads\/2024\/03\/Logo_Poulet_VF_V2-01.jpg\",\"width\":709,\"height\":670,\"caption\":\"La Franche Touche\"},\"image\":{\"@id\":\"https:\/\/lafranchetouche.com\/#\/schema\/logo\/image\/\"},\"sameAs\":[\"https:\/\/www.facebook.com\/rallyedelafranchetouche\",\"https:\/\/l.facebook.com\/l.php?u=httpswww.instagram.comlafranchetoucheigshaDhzOGFrcnhydnVkfbclidIwZXh0bgNhZW0CMTAAAR1lTZHrpo2qg81yf-dujVH5ViSKVA8IRacrPWkzOS6skbycnlbM7FXoSRs_aem_ASXtdwDE16xwn8EOHGSoR1oRcA2h06ibXtvoInQkFylW_2HRXQ9nCq3LV9azKDm2DVnQSfSqTd8TgQPn5YxF7xE7&h=AT315K1hM88zwee9bFMex3TkvPLTeH6XXms1mTUpuwIu-HhoutacZHX4xZg7Uwnf2Hx4nkmgzeE6zIWVPHi_K4EkDCSmLeu-E982cdNJVz6zDuW3EVZiMWtQS_dILJJXLaPwRQ\"]}]}<\/script>\n<!-- \/ Yoast SEO plugin. -->","yoast_head_json":{"title":"Fin des inscriptions - La Franche Touche","robots":{"index":"index","follow":"follow","max-snippet":"max-snippet:-1","max-image-preview":"max-image-preview:large","max-video-preview":"max-video-preview:-1"},"canonical":"https:\/\/lafranchetouche.com\/index.php\/fin-des-inscriptions\/","og_locale":"fr_FR","og_type":"article","og_title":"Fin des inscriptions - La Franche Touche","og_description":"Fin des inscriptions... Merci ! Vous avez \u00e9t\u00e9 nombreux et nombreuses \u00e0 vous inscrire pour l'\u00e9dition 2025.Si nombreux que nous avons d\u00fb clore les ventes de places d'\u00e9quipages pour cette ann\u00e9e. En cas de demande particuli\u00e8re, n'h\u00e9sitez pas \u00e0 nous contacter surHello@lafranchetouche.com.","og_url":"https:\/\/lafranchetouche.com\/index.php\/fin-des-inscriptions\/","og_site_name":"La Franche Touche","article_publisher":"https:\/\/www.facebook.com\/rallyedelafranchetouche","article_modified_time":"2025-06-25T12:13:00+00:00","twitter_card":"summary_large_image","twitter_misc":{"Dur\u00e9e de lecture estim\u00e9e":"2 minutes"},"schema":{"@context":"https:\/\/schema.org","@graph":[{"@type":"WebPage","@id":"https:\/\/lafranchetouche.com\/index.php\/fin-des-inscriptions\/","url":"https:\/\/lafranchetouche.com\/index.php\/fin-des-inscriptions\/","name":"Fin des inscriptions - La Franche Touche","isPartOf":{"@id":"https:\/\/lafranchetouche.com\/#website"},"datePublished":"2024-04-03T07:17:48+00:00","dateModified":"2025-06-25T12:13:00+00:00","breadcrumb":{"@id":"https:\/\/lafranchetouche.com\/index.php\/fin-des-inscriptions\/#breadcrumb"},"inLanguage":"fr-FR","potentialAction":[{"@type":"ReadAction","target":["https:\/\/lafranchetouche.com\/index.php\/fin-des-inscriptions\/"]}]},{"@type":"BreadcrumbList","@id":"https:\/\/lafranchetouche.com\/index.php\/fin-des-inscriptions\/#breadcrumb","itemListElement":[{"@type":"ListItem","position":1,"name":"Accueil","item":"https:\/\/lafranchetouche.com\/"},{"@type":"ListItem","position":2,"name":"Fin des inscriptions"}]},{"@type":"WebSite","@id":"https:\/\/lafranchetouche.com\/#website","url":"https:\/\/lafranchetouche.com\/","name":"La Franche Touche","description":"Suivez les aventures de La Franche Touche ! Un festival rassemblant un grand nombre de v\u00e9hicules atypiques et un rallye touristique sillonnant la bourgogne.","publisher":{"@id":"https:\/\/lafranchetouche.com\/#organization"},"potentialAction":[{"@type":"SearchAction","target":{"@type":"EntryPoint","urlTemplate":"https:\/\/lafranchetouche.com\/?s={search_term_string}"},"query-input":{"@type":"PropertyValueSpecification","valueRequired":true,"valueName":"search_term_string"}}],"inLanguage":"fr-FR"},{"@type":"Organization","@id":"https:\/\/lafranchetouche.com\/#organization","name":"La Franche Touche","url":"https:\/\/lafranchetouche.com\/","logo":{"@type":"ImageObject","inLanguage":"fr-FR","@id":"https:\/\/lafranchetouche.com\/#\/schema\/logo\/image\/","url":"https:\/\/lafranchetouche.com\/wp-content\/uploads\/2024\/03\/Logo_Poulet_VF_V2-01.jpg","contentUrl":"https:\/\/lafranchetouche.com\/wp-content\/uploads\/2024\/03\/Logo_Poulet_VF_V2-01.jpg","width":709,"height":670,"caption":"La Franche Touche"},"image":{"@id":"https:\/\/lafranchetouche.com\/#\/schema\/logo\/image\/"},"sameAs":["https:\/\/www.facebook.com\/rallyedelafranchetouche","https:\/\/l.facebook.com\/l.php?u=httpswww.instagram.comlafranchetoucheigshaDhzOGFrcnhydnVkfbclidIwZXh0bgNhZW0CMTAAAR1lTZHrpo2qg81yf-dujVH5ViSKVA8IRacrPWkzOS6skbycnlbM7FXoSRs_aem_ASXtdwDE16xwn8EOHGSoR1oRcA2h06ibXtvoInQkFylW_2HRXQ9nCq3LV9azKDm2DVnQSfSqTd8TgQPn5YxF7xE7&h=AT315K1hM88zwee9bFMex3TkvPLTeH6XXms1mTUpuwIu-HhoutacZHX4xZg7Uwnf2Hx4nkmgzeE6zIWVPHi_K4EkDCSmLeu-E982cdNJVz6zDuW3EVZiMWtQS_dILJJXLaPwRQ"]}]}},"_links":{"self":[{"href":"https:\/\/lafranchetouche.com\/index.php\/wp-json\/wp\/v2\/pages\/871","targetHints":{"allow":["GET"]}}],"collection":[{"href":"https:\/\/lafranchetouche.com\/index.php\/wp-json\/wp\/v2\/pages"}],"about":[{"href":"https:\/\/lafranchetouche.com\/index.php\/wp-json\/wp\/v2\/types\/page"}],"author":[{"embeddable":true,"href":"https:\/\/lafranchetouche.com\/index.php\/wp-json\/wp\/v2\/users\/1"}],"replies":[{"embeddable":true,"href":"https:\/\/lafranchetouche.com\/index.php\/wp-json\/wp\/v2\/comments?post=871"}],"version-history":[{"count":9,"href":"https:\/\/lafranchetouche.com\/index.php\/wp-json\/wp\/v2\/pages\/871\/revisions"}],"predecessor-version":[{"id":1240,"href":"https:\/\/lafranchetouche.com\/index.php\/wp-json\/wp\/v2\/pages\/871\/revisions\/1240"}],"wp:attachment":[{"href":"https:\/\/lafranchetouche.com\/index.php\/wp-json\/wp\/v2\/media?parent=871"}],"curies":[{"name":"wp","href":"https:\/\/api.w.org\/{rel}","templated":true}]}}